{"id":97,"date":"2014-03-18T19:33:13","date_gmt":"2014-03-18T18:33:13","guid":{"rendered":"http:\/\/www.jiririgo.cz\/?page_id=97"},"modified":"2017-03-25T18:34:09","modified_gmt":"2017-03-25T17:34:09","slug":"mapa","status":"publish","type":"page","link":"https:\/\/www.jiririgo.cz\/?page_id=97","title":{"rendered":"Mapa"},"content":{"rendered":"<p><a href=\"http:\/\/www.mapy.cz\/zakladni?x=17.7536207&amp;y=49.7800982&amp;z=15&amp;source=firm&amp;id=238037&amp;q=Selsk%C3%A1%20951\" target=\"_blank\"><img loading=\"lazy\" decoding=\"async\" class=\"alignnone wp-image-129 size-large\" src=\"https:\/\/www.jiririgo.cz\/wp-content\/uploads\/2014\/03\/V\u00fdst\u0159i\u017eek-1024x386.jpg\" alt=\"V\u00fdst\u0159i\u017eek\" width=\"900\" height=\"339\" srcset=\"https:\/\/www.jiririgo.cz\/wp-content\/uploads\/2014\/03\/V\u00fdst\u0159i\u017eek-1024x386.jpg 1024w, https:\/\/www.jiririgo.cz\/wp-content\/uploads\/2014\/03\/V\u00fdst\u0159i\u017eek-300x113.jpg 300w, https:\/\/www.jiririgo.cz\/wp-content\/uploads\/2014\/03\/V\u00fdst\u0159i\u017eek.jpg 1220w\" sizes=\"auto, (max-width: 900px) 100vw, 900px\" \/><\/a><\/p>\n","protected":false},"excerpt":{"rendered":"","protected":false},"author":2,"featured_media":0,"parent":0,"menu_order":0,"comment_status":"open","ping_status":"open","template":"","meta":{"ngg_post_thumbnail":0,"footnotes":""},"class_list":["post-97","page","type-page","status-publish","hentry"],"_links":{"self":[{"href":"https:\/\/www.jiririgo.cz\/index.php?rest_route=\/wp\/v2\/pages\/97","targetHints":{"allow":["GET"]}}],"collection":[{"href":"https:\/\/www.jiririgo.cz\/index.php?rest_route=\/wp\/v2\/pages"}],"about":[{"href":"https:\/\/www.jiririgo.cz\/index.php?rest_route=\/wp\/v2\/types\/page"}],"author":[{"embeddable":true,"href":"https:\/\/www.jiririgo.cz\/index.php?rest_route=\/wp\/v2\/users\/2"}],"replies":[{"embeddable":true,"href":"https:\/\/www.jiririgo.cz\/index.php?rest_route=%2Fwp%2Fv2%2Fcomments&post=97"}],"version-history":[{"count":4,"href":"https:\/\/www.jiririgo.cz\/index.php?rest_route=\/wp\/v2\/pages\/97\/revisions"}],"predecessor-version":[{"id":257,"href":"https:\/\/www.jiririgo.cz\/index.php?rest_route=\/wp\/v2\/pages\/97\/revisions\/257"}],"wp:attachment":[{"href":"https:\/\/www.jiririgo.cz\/index.php?rest_route=%2Fwp%2Fv2%2Fmedia&parent=97"}],"curies":[{"name":"wp","href":"https:\/\/api.w.org\/{rel}","templated":true}]}}