{"id":233,"date":"2016-02-02T18:42:18","date_gmt":"2016-02-02T17:42:18","guid":{"rendered":"http:\/\/www.jiririgo.cz\/?page_id=233"},"modified":"2018-01-25T12:20:16","modified_gmt":"2018-01-25T11:20:16","slug":"dokumenty","status":"publish","type":"page","link":"https:\/\/www.jiririgo.cz\/?page_id=233","title":{"rendered":"Dokumenty"},"content":{"rendered":"<p><a href=\"https:\/\/www.jiririgo.cz\/wp-content\/uploads\/2018\/01\/Politika-kvality.pdf\" target=\"_blank\" rel=\"noopener\">Politika kvality<\/a><\/p>\n<p><a href=\"https:\/\/www.jiririgo.cz\/wp-content\/uploads\/2016\/02\/Profil_spole\u010dnosti_Ji\u0159\u00ed_Rig\u00f3_s.r.o..pdf\" target=\"_blank\" rel=\"noopener\">Profil spole\u010dnost<\/a><\/p>\n<p>( Soubory jsou ve form\u00e1tu PDF )<\/p>\n","protected":false},"excerpt":{"rendered":"<p>Politika kvality Profil spole\u010dnost ( Soubory jsou ve form\u00e1tu PDF )<\/p>\n","protected":false},"author":2,"featured_media":0,"parent":0,"menu_order":0,"comment_status":"open","ping_status":"open","template":"","meta":{"ngg_post_thumbnail":0,"footnotes":""},"class_list":["post-233","page","type-page","status-publish","hentry"],"_links":{"self":[{"href":"https:\/\/www.jiririgo.cz\/index.php?rest_route=\/wp\/v2\/pages\/233","targetHints":{"allow":["GET"]}}],"collection":[{"href":"https:\/\/www.jiririgo.cz\/index.php?rest_route=\/wp\/v2\/pages"}],"about":[{"href":"https:\/\/www.jiririgo.cz\/index.php?rest_route=\/wp\/v2\/types\/page"}],"author":[{"embeddable":true,"href":"https:\/\/www.jiririgo.cz\/index.php?rest_route=\/wp\/v2\/users\/2"}],"replies":[{"embeddable":true,"href":"https:\/\/www.jiririgo.cz\/index.php?rest_route=%2Fwp%2Fv2%2Fcomments&post=233"}],"version-history":[{"count":4,"href":"https:\/\/www.jiririgo.cz\/index.php?rest_route=\/wp\/v2\/pages\/233\/revisions"}],"predecessor-version":[{"id":297,"href":"https:\/\/www.jiririgo.cz\/index.php?rest_route=\/wp\/v2\/pages\/233\/revisions\/297"}],"wp:attachment":[{"href":"https:\/\/www.jiririgo.cz\/index.php?rest_route=%2Fwp%2Fv2%2Fmedia&parent=233"}],"curies":[{"name":"wp","href":"https:\/\/api.w.org\/{rel}","templated":true}]}}