{"id":187,"date":"2014-03-18T20:42:34","date_gmt":"2014-03-18T19:42:34","guid":{"rendered":"http:\/\/www.jiririgo.cz\/?page_id=187"},"modified":"2020-02-04T20:23:02","modified_gmt":"2020-02-04T19:23:02","slug":"o-firme","status":"publish","type":"page","link":"https:\/\/www.jiririgo.cz\/","title":{"rendered":"O Firm\u011b"},"content":{"rendered":"<h2><strong>&nbsp;Profil spole\u010dnosti Ji\u0159\u00ed Rig\u00f3, s.r.o. V\u00edtkov<\/strong><\/h2>\n<p>Firma Ji\u0159\u00ed Rig\u00f3, s.r.o. byla zalo\u017eena 1. 7. 2010. Stala se n\u00e1stupkyn\u00ed firmy Ji\u0159\u00ed Rig\u00f3, kter\u00e1 byla zalo\u017eena jako fyzick\u00e1 osoba v roce 1990.<\/p>\n<p>Od sv\u00e9ho po\u010d\u00e1tku byla n\u00e1pl\u0148 v\u00fdroby zam\u011b\u0159en\u00e1 na v\u00fdrobu t\u011bsn\u011bn\u00ed pro sanit\u00e1rn\u00ed techniku, vodovodn\u00ed, plynov\u00e9 a teplovodn\u00ed veden\u00ed. Mimo to se ve firm\u011b vyr\u00e1b\u011blo t\u011bsn\u011bn\u00ed pro v\u0161eobecn\u00e9 pou\u017eit\u00ed.<\/p>\n<p>N\u00e1r\u016fst popt\u00e1vky a objemu v\u00fdroby si vy\u017e\u00e1dal v\u011bt\u0161\u00ed prostory pro podnik\u00e1n\u00ed. Proto se firma v roce 1994 p\u0159est\u011bhovala z gar\u00e1\u017ee rodinn\u00e9ho domku do pronajat\u00fdch prostor tehdej\u0161\u00ed Hedvy ve V\u00edtkov\u011b.<\/p>\n<p>Firma se postupn\u011b roz\u0161i\u0159ovala a rozv\u00edjela a do jej\u00edho strojn\u00edho vybaven\u00ed p\u0159ibyly vysek\u00e1vac\u00ed stroje, et\u00e1\u017eov\u00e9 gum\u00e1rensk\u00e9 lisy, mal\u00fd kalandr a vytla\u010dovac\u00ed stroj.<\/p>\n<p>D\u00edky tomuto strojn\u00edmu vybaven\u00edm firma zv\u011bt\u0161ila svoje v\u00fdrobkov\u00e9 portfolio o lisovan\u00e9 v\u00fdrobky z pry\u017ee.<\/p>\n<p>Dal\u0161\u00ed v\u00fdrobn\u00ed \u010dinnost\u00ed firmy byla v roce 1996 v\u00fdroba slepovan\u00e9ho t\u011bsn\u011bn\u00ed pro automobilov\u00fd pr\u016fmysl.<\/p>\n<p>S nav\u00fd\u0161en\u00edm v\u00fdroby \u00fazce souviselo i nav\u00fd\u0161en\u00ed po\u010dtu zam\u011bstnanc\u016f. V t\u011bchto letech pracovalo ve firm\u011b okolo 30 zam\u011bstnanc\u016f.<\/p>\n<p>Za\u010d\u00e1tkem roku 2001 jsme byli postaveni p\u0159ed v\u00e1\u017en\u00fd probl\u00e9m, uvolnit pronajat\u00e9 prostory pro pot\u0159eby rozv\u00edjej\u00edc\u00ed se pronaj\u00edmaj\u00edc\u00ed spole\u010dnosti.<\/p>\n<p>Proto jsme byli nuceni za\u010d\u00edt hledat nov\u00e9 v\u00fdrobn\u00ed prostory a prioritou bylo tyto nov\u00e9 prostory p\u0159ev\u00e9st do vlastnictv\u00ed firmy.<\/p>\n<p>Po \u00famorn\u00e9m hled\u00e1n\u00ed a jedn\u00e1n\u00ed se n\u00e1m poda\u0159ilo koupit \u010d\u00e1st nemovitosti od \u010cSAD Ostrava.<\/p>\n<p>Nezbytn\u00fdmi stavebn\u00edmi \u00fapravami se n\u00e1m poda\u0159ilo vybudovat nov\u00e9 v\u00fdrobn\u00ed prostory, skladovac\u00ed prostory, z\u00e1zem\u00ed pro zam\u011bstnance a pro veden\u00ed firmy nov\u00e9 kancel\u00e1\u0159sk\u00e9 prostory.<\/p>\n<p>Po cel\u00e9 t\u00e9to rekonstrukci byl objekt v kv\u011btnu 2004 zkolaudov\u00e1n a firma se p\u0159est\u011bhovala do nov\u00e9, vlastn\u00ed provozovny na Selsk\u00e9 ulici ve V\u00edtkov\u011b.<\/p>\n<p>K nezbytn\u00e9 rekonstrukci cel\u00e9ho objektu p\u0159ibyla je\u0161t\u011b v roce 2005 v\u00fdstavba vlastn\u00ed trafostanice, ze kter\u00e9 je cel\u00e1 firma nap\u00e1jena elektrick\u00fdm proudem.<\/p>\n<p>Sou\u010dasn\u00e1 v\u00fdrobn\u00ed n\u00e1pl\u0148 je tvo\u0159ena v\u00fdrobou t\u011bsn\u011bn\u00ed pro automobilov\u00fd pr\u016fmysl, kter\u00e1 p\u0159edstavuje 60% v\u00fdroby, d\u00e1le v\u00fdrobou sanit\u00e1rn\u00edho t\u011bsn\u011bn\u00ed pro vodo-topo-plyn, kter\u00e1 zab\u00edr\u00e1 25% v\u00fdroby a v\u00fdrobou lisovan\u00fdch v\u00fdrobk\u016f z pry\u017ee s pod\u00edlem 15% objemu v\u00fdroby.<\/p>\n<p>Cel\u00fd v\u00fdrobn\u00ed proces i chod cel\u00e9 firmy je kontrolov\u00e1n a \u0159\u00edzen P\u0159\u00edru\u010dkou kvality a syst\u00e9mem managementu kvality dle normy \u010cSN EN ISO 9001.<\/p>\n<p>Spole\u010dnost je kontrolov\u00e1na nez\u00e1visl\u00fdm certifika\u010dn\u00edm org\u00e1nem v pravideln\u00fdch auditech, co\u017e je dokladov\u00e1no dr\u017een\u00edm Certifik\u00e1tu.<\/p>\n<p>Hlavn\u00edm c\u00edlem spole\u010dnosti je neust\u00e1l\u00e9 zlep\u0161ov\u00e1n\u00ed, kvalita v\u00fdroby a spokojen\u00fd z\u00e1kazn\u00edk.<\/p>\n","protected":false},"excerpt":{"rendered":"<p>&nbsp;Profil spole\u010dnosti Ji\u0159\u00ed Rig\u00f3, s.r.o. V\u00edtkov Firma Ji\u0159\u00ed Rig\u00f3, s.r.o. byla zalo\u017eena 1. 7. 2010. Stala se n\u00e1stupkyn\u00ed firmy Ji\u0159\u00ed Rig\u00f3, kter\u00e1 byla zalo\u017eena jako fyzick\u00e1 osoba v roce 1990. [&hellip;]<\/p>\n","protected":false},"author":2,"featured_media":0,"parent":0,"menu_order":0,"comment_status":"open","ping_status":"open","template":"","meta":{"ngg_post_thumbnail":0,"footnotes":""},"class_list":["post-187","page","type-page","status-publish","hentry"],"_links":{"self":[{"href":"https:\/\/www.jiririgo.cz\/index.php?rest_route=\/wp\/v2\/pages\/187","targetHints":{"allow":["GET"]}}],"collection":[{"href":"https:\/\/www.jiririgo.cz\/index.php?rest_route=\/wp\/v2\/pages"}],"about":[{"href":"https:\/\/www.jiririgo.cz\/index.php?rest_route=\/wp\/v2\/types\/page"}],"author":[{"embeddable":true,"href":"https:\/\/www.jiririgo.cz\/index.php?rest_route=\/wp\/v2\/users\/2"}],"replies":[{"embeddable":true,"href":"https:\/\/www.jiririgo.cz\/index.php?rest_route=%2Fwp%2Fv2%2Fcomments&post=187"}],"version-history":[{"count":7,"href":"https:\/\/www.jiririgo.cz\/index.php?rest_route=\/wp\/v2\/pages\/187\/revisions"}],"predecessor-version":[{"id":312,"href":"https:\/\/www.jiririgo.cz\/index.php?rest_route=\/wp\/v2\/pages\/187\/revisions\/312"}],"wp:attachment":[{"href":"https:\/\/www.jiririgo.cz\/index.php?rest_route=%2Fwp%2Fv2%2Fmedia&parent=187"}],"curies":[{"name":"wp","href":"https:\/\/api.w.org\/{rel}","templated":true}]}}

O Firmě

<h2><strong>&nbsp;Profil společnosti Jiří Rigó, s.r.o. Vítkov</strong></h2>
<p>Firma Jiří Rigó, s.r.o. byla založena 1. 7. 2010. Stala se nástupkyní firmy Jiří Rigó, která byla založena jako fyzická osoba v roce 1990.</p>
<p>Od svého počátku byla náplň výroby zaměřená na výrobu těsnění pro sanitární techniku, vodovodní, plynové a teplovodní vedení. Mimo to se ve firmě vyrábělo těsnění pro všeobecné použití.</p>
<p>Nárůst poptávky a objemu výroby si vyžádal větší prostory pro podnikání. Proto se firma v roce 1994 přestěhovala z garáže rodinného domku do pronajatých prostor tehdejší Hedvy ve Vítkově.</p>
<p>Firma se postupně rozšiřovala a rozvíjela a do jejího strojního vybavení přibyly vysekávací stroje, etážové gumárenské lisy, malý kalandr a vytlačovací stroj.</p>
<p>Díky tomuto strojnímu vybavením firma zvětšila svoje výrobkové portfolio o lisované výrobky z pryže.</p>
<p>Další výrobní činností firmy byla v roce 1996 výroba slepovaného těsnění pro automobilový průmysl.</p>
<p>S navýšením výroby úzce souviselo i navýšení počtu zaměstnanců. V těchto letech pracovalo ve firmě okolo 30 zaměstnanců.</p>
<p>Začátkem roku 2001 jsme byli postaveni před vážný problém, uvolnit pronajaté prostory pro potřeby rozvíjející se pronajímající společnosti.</p>
<p>Proto jsme byli nuceni začít hledat nové výrobní prostory a prioritou bylo tyto nové prostory převést do vlastnictví firmy.</p>
<p>Po úmorném hledání a jednání se nám podařilo koupit část nemovitosti od ČSAD Ostrava.</p>
<p>Nezbytnými stavebními úpravami se nám podařilo vybudovat nové výrobní prostory, skladovací prostory, zázemí pro zaměstnance a pro vedení firmy nové kancelářské prostory.</p>
<p>Po celé této rekonstrukci byl objekt v květnu 2004 zkolaudován a firma se přestěhovala do nové, vlastní provozovny na Selské ulici ve Vítkově.</p>
<p>K nezbytné rekonstrukci celého objektu přibyla ještě v roce 2005 výstavba vlastní trafostanice, ze které je celá firma napájena elektrickým proudem.</p>
<p>Současná výrobní náplň je tvořena výrobou těsnění pro automobilový průmysl, která představuje 60% výroby, dále výrobou sanitárního těsnění pro vodo-topo-plyn, která zabírá 25% výroby a výrobou lisovaných výrobků z pryže s podílem 15% objemu výroby.</p>
<p>Celý výrobní proces i chod celé firmy je kontrolován a řízen Příručkou kvality a systémem managementu kvality dle normy ČSN EN ISO 9001.</p>
<p>Společnost je kontrolována nezávislým certifikačním orgánem v pravidelných auditech, což je dokladováno držením Certifikátu.</p>
<p>Hlavním cílem společnosti je neustálé zlepšování, kvalita výroby a spokojený zákazník.</p>

<p>&nbsp;Profil společnosti Jiří Rigó, s.r.o. Vítkov Firma Jiří Rigó, s.r.o. byla založena 1. 7. 2010. Stala se nástupkyní firmy Jiří Rigó, která byla založena jako fyzická osoba v roce 1990. [&hellip;]</p>
