{"id":157,"date":"2014-03-18T20:30:52","date_gmt":"2014-03-18T19:30:52","guid":{"rendered":"http:\/\/www.jiririgo.cz\/?page_id=157"},"modified":"2014-03-18T20:30:52","modified_gmt":"2014-03-18T19:30:52","slug":"pryz-pro-vseobecna-pouziti","status":"publish","type":"page","link":"https:\/\/www.jiririgo.cz\/?page_id=157","title":{"rendered":"Pry\u017e pro v\u0161eobecn\u00e1 pou\u017eit\u00ed"},"content":{"rendered":"<p>Bude \u010dasem dopln\u011bno.<\/p>\n","protected":false},"excerpt":{"rendered":"<p>Bude \u010dasem dopln\u011bno.<\/p>\n","protected":false},"author":2,"featured_media":0,"parent":0,"menu_order":0,"comment_status":"open","ping_status":"open","template":"","meta":{"ngg_post_thumbnail":0,"footnotes":""},"class_list":["post-157","page","type-page","status-publish","hentry"],"_links":{"self":[{"href":"https:\/\/www.jiririgo.cz\/index.php?rest_route=\/wp\/v2\/pages\/157","targetHints":{"allow":["GET"]}}],"collection":[{"href":"https:\/\/www.jiririgo.cz\/index.php?rest_route=\/wp\/v2\/pages"}],"about":[{"href":"https:\/\/www.jiririgo.cz\/index.php?rest_route=\/wp\/v2\/types\/page"}],"author":[{"embeddable":true,"href":"https:\/\/www.jiririgo.cz\/index.php?rest_route=\/wp\/v2\/users\/2"}],"replies":[{"embeddable":true,"href":"https:\/\/www.jiririgo.cz\/index.php?rest_route=%2Fwp%2Fv2%2Fcomments&post=157"}],"version-history":[{"count":1,"href":"https:\/\/www.jiririgo.cz\/index.php?rest_route=\/wp\/v2\/pages\/157\/revisions"}],"predecessor-version":[{"id":158,"href":"https:\/\/www.jiririgo.cz\/index.php?rest_route=\/wp\/v2\/pages\/157\/revisions\/158"}],"wp:attachment":[{"href":"https:\/\/www.jiririgo.cz\/index.php?rest_route=%2Fwp%2Fv2%2Fmedia&parent=157"}],"curies":[{"name":"wp","href":"https:\/\/api.w.org\/{rel}","templated":true}]}}